e hundreds digit of j?
2
Let q = -15 + 20. Suppose -4*d = 4*a - 24, -4*a = -q*d + 32 + 34. What is the units digit of (-5 + 40)*8/d?
8
Suppose 38 + 212 = 5*j. Suppose -k - 3*k - d + j = 0, k = -2*d + 16. What is the units digit of (-4)/(-6) - (-160)/k?
4
Let g(a) = a**2 - 32*a - 93. What is the units digit of g(55)?
2
Suppose 5*z - 27 = 4*j, 0*j + j + 9 = 2*z. Suppose -103 = -z*l + 32. What is the units digit of l?
5
Suppose -2*d - 3*r = -7*d - 295, 0 = r. Let z = d + 113. What is the units digit of z?
4
Let r = 155 + -153. Suppose -r*x + 2*c + 74 = -186, -2*x + 5*c = -275. What is the tens digit of x?
2
What is the units digit of 6/(-30)*-35 + 535?
2
Let g(a) = -6*a**3 - 3*a**2 - 7*a - 8. Let h be g(-4). Let j = h - 227. What is the units digit of j?
9
Suppose n - 9130 = 8*k - 11*k, k - 3042 = -n. What is the thousands digit of k?
3
Let d = -18 - -26. Let l be (-1)/(3 + -2) - d. Let r(n) = -3*n - 11. What is the tens digit of r(l)?
1
Suppose -115*y + 121*y = 3018. What is the units digit of y?
3
Let k = 374 + -60. Suppose -22 - k = -7*l. What is the units digit of l?
8
Let f be 28/6 - 5/(-15). Suppose f*p = 20 + 5. Suppose -16 = -a + 2*s + 7, -p*a - s = -93. What is the tens digit of a?
1
Let u(w) = w + 11. Suppose 0 = 2*h - 7*h + 4*i - 74, 4*i + 52 = -4*h. Let x be u(h). What is the units digit of 2/x + 44/12?
3
Let w(a) = a**3 - 7*a**2 + 8*a - 12. Let l = 53 - 45. What is the hundreds digit of w(l)?
1
Suppose 50 - 10 = 5*a. Let r = a + -1. Let h = 3 + r. What is the tens digit of h?
1
Suppose -4*z + 5*z = k - 547, z = -2*k + 1085. What is the units digit of k?
4
Let f(v) = -3*v**3 - 2*v**2 + 3*v. Let h be f(-3). Suppose -4*t = h - 810. What is the hundreds digit of t?
1
Let q(v) = -v - 11. Let k be q(-5). Let p(l) = l**3 + 6*l**2 - 2*l - 8. What is the units digit of p(k)?
4
Let t(w) = -w + 7. Let f be t(-14). Let n = f + 90. What is the tens digit of n?
1
Suppose 0 = -3*k + 5*k. Suppose -6*s + 510 = -k*s. What is the units digit of s?
5
Let x(l) = l**3 - 4*l**2 + 5. Let b be x(4). Suppose -3*k = -b*k - 2. What is the tens digit of (-18)/k - 3/(-1)?
2
Let j(o) = 7*o - 10. Let i be 14/(-28)*(-6)/1. What is the tens digit of j(i)?
1
Let q(r) = 3*r - 4*r**2 + r**2 + 2*r**2 + 12. Let i be q(5). Suppose -28 = 5*o - i*t - 146, -4*t = -o + 20. What is the tens digit of o?
2
Let r = 25 - 27. Let m(o) = -23*o**3 + 3*o**2 - 3. What is the tens digit of m(r)?
9
Suppose 39 - 91 = -2*q. What is the units digit of q?
6
Let a = 533 - -278. What is the units digit of a?
1
Let f(n) = n**2 + 10*n + 6. Suppose -4*l = -3*j + 45, 0 = -2*j + 3 + 3. Let a be f(l). Let h = a - -10. What is the units digit of h?
7
Let v(b) = -4*b**2 + 3*b + 8 - 12*b + b**3 + 2*b**2 - 5*b. What is the hundreds digit of v(8)?
2
Suppose -11681 = -4*c + 1999. What is the units digit of c?
0
Let t be (3 - 1)/(3/9). Let d = t - 4. Suppose -d*p = -7*p + 175. What is the units digit of p?
5
Let g = -293 + 381. What is the tens digit of g?
8
Let n(u) = u**3 + 14*u**2 + 13*u + 1. Let q be n(-13). What is the units digit of -24*q*10/(-4)?
0
What is the units digit of ((-202)/(-707))/((-4)/(-3122))?
3
Suppose 3637 = -4*p + 9*p + 2*q, 3*q = -5*p + 3638. What is the units digit of p?
7
Let w(l) = 21*l - 19. Let d be w(-5). Let o = 260 + d. What is the hundreds digit of o?
1
What is the units digit of 982 + (216/(-2))/(-12)?
1
What is the tens digit of 717/1 + -26 + 34?
2
Suppose c - 909 = 3*h, -2*c + 4*h + 1824 = -0*h. Suppose x = 3*b + 2*b - 933, 4*x = -5*b + c. What is the tens digit of b?
8
Suppose -2*r + 645 = 3*r + 4*s, r - 100 = 5*s. Suppose 3*x - 118 = r. What is the tens digit of x?
8
Suppose 0 = 4*l + k - 308, 0 = -l + 3*k + 103 - 39. Suppose 2*v - l - 36 = 0. What is the units digit of v?
6
Suppose -5*s + 2*d = -4284, -1747 = -3*s + 3*d + 818. What is the tens digit of s?
5
Let p be (-12 - 0)/((-3)/14). Let h = p - 39. What is the tens digit of h?
1
Let s(w) be the third derivative of -w**7/2520 + 11*w**6/720 + w**5/30 - 6*w**2. Let m(i) be the third derivative of s(i). What is the units digit of m(-8)?
7
Suppose 4*h - 4*y + 73 = -y, 0 = 4*h - y + 75. Let g = h + 55. What is the units digit of g?
6
Suppose 0 = -5*r + 5*t + 25, -4*r - 5*t = -0*r - 56. What is the units digit of r?
9
Let v(u) = u - 2*u - u + 13. Let g be v(0). Let n = 2 + g. What is the units digit of n?
5
Suppose 24*s - 8956 - 2972 = 0. What is the units digit of s?
7
Let m = 890 - 136. What is the hundreds digit of m?
7
Let z(v) = 18*v**2 + 110*v - 6. What is the hundreds digit of z(-8)?
2
Suppose -5*t + 600 = 75. Let f be (-6)/33 + t/33. Suppose -v = 2*v + 2*n - 48, f*v = -5*n + 39. What is the tens digit of v?
1
Let o be 2/9 - (-3432)/108. Let a = -33 + 21. Let d = o + a. What is the tens digit of d?
2
Let t(p) = -p**2 - 5*p + 735. What is the tens digit of t(0)?
3
What is the units digit of 25/(-5) + (-4512)/(18/(-6))?
9
Let t(s) = s**3 + 2*s**2 + 5*s - 7. Let z be t(3). Let x = z + -25. What is the units digit of x?
8
Suppose 2*p = 2*z + 12, -3*p = -2*p - 5*z - 10. Suppose -9 = -0*u - 4*u - p*f, 5*u + 10 = -2*f. Let m = u - -23. What is the units digit of m?
9
Let v = 648 + -348. What is the units digit of v?
0
Let r(j) = 6*j**3 - 2*j**2 - 2. Let q be r(2). Let m = 27 + q. What is the tens digit of m?
6
Let f(g) = g + 2*g**2 - g**2 - 3*g - 3. Let k be f(0). What is the units digit of (-2 + (-3)/k)*-8?
8
Let z = 4 - 4. Suppose g + v = 40, -4*g + z*v = 3*v - 165. What is the tens digit of g?
4
Let q(v) = 1039*v - 321. What is the hundreds digit of q(3)?
7
Let i(u) = 3*u**3 + 3*u**2 - u + 3. Suppose -17*c + 21*c = 12. What is the hundreds digit of i(c)?
1
Suppose 2*h + h = 12, -4*h - 144 = -a. Suppose b = -3*b + a. What is the units digit of b?
0
Let m be (-952)/51 - (-4)/6. Let j = m + 72. What is the units digit of j?
4
Suppose -5*s + s + 52 = 0. Suppose -m + 378 = 8*m. Let v = m + s. What is the units digit of v?
5
Let u(g) = 59*g**2 + 6*g + 5. Let c = -72 + 71. What is the tens digit of u(c)?
5
Suppose 3*i - 8 = -i. Suppose -4*a - 160 = 5*w, -2*a = i*w + 38 + 24. Let u = w + 72. What is the tens digit of u?
3
Let x be -3 - (-59 - (2 + -5)). Let v = 74 - x. Suppose y = -2 + v. What is the units digit of y?
9
Let w be (-135)/(-25) - 2/5. Suppose -15 - 608 = -3*j - w*h, 2*h = -2*j + 414. What is the tens digit of j?
0
Let b(l) = 15*l**2 + 1. What is the tens digit of b(5)?
7
Let q be ((-6555)/(-25))/((-1)/(-5)). Suppose 11*i - 2132 = q. What is the tens digit of i?
1
Let t be (-64)/48*2/4*15. Let p be ((-8)/(-6))/(2/(-27)). Let v = t - p. What is the units digit of v?
8
Suppose -935 = 4*l - 5*m - 8886, 5*l + 3*m = 9948. What is the tens digit of l?
8
Let n = -38 + 58. What is the tens digit of (0 - -1)*n/1?
2
Let r(o) = -o - 6. Let x be r(-9). Suppose -3*t - 12 = 3*d, 0*t = -x*d + t + 4. Suppose -i + 1 + 0 = d. What is the units digit of i?
1
Let v(p) = -9*p + 4. Let g(c) = 6*c**3 + 2*c**2 + c. Let w = 12 + -13. Let j be g(w). What is the tens digit of v(j)?
4
Suppose 7 = r + 1. Let s = -17 + r. Let l = 6 - s. What is the tens digit of l?
1
Let d = 24 - 24. Let m = d - 2. What is the units digit of -4*(25/m - 2)?
8
Let n be 1/(-11 - 1683/(-154)). Let u(j) = -j**2 - 2*j + 3. Let y be u(-4). Let p = y - n. What is the units digit of p?
9
Let x(h) = -10*h**2 + 7*h**3 + 12 - 5*h**3 - 4 - 3*h**3 + 18*h. What is the units digit of x(-12)?
0
Let m(l) = 43*l + 14. What is the units digit of m(9)?
1
What is the hundreds digit of 108420/21 + 78/(-91)?
1
Let p = -39 - -15. Let v be 4/14 - p/14. Suppose v*i + 12 = 5*i. What is the units digit of i?
4
Suppose 1 = q - 6. Let f(z) = -6*z + 5*z + 3 + 5*z - 4. What is the tens digit of f(q)?
2
Suppose 3 = -3*i, 2*i = -g - 3*g + 970. What is the hundreds digit of g?
2
Let g(r) = r**2 + 8*r + 9. Let z be g(-7). Suppose z*a - 25 = -2*y + a, -3*a = y. Suppose -11 - y = -i. What is the units digit of i?
6
Suppose 2*r + 14 = -3*p, 13*p = -4*r + 9*p - 28. Let a(h) be the third derivative of -7*h**4/24 - 2*h**3/3 - h**2. What is the units digit of a(r)?
5
Let v(q) = 5*q + 37. Let x be v(-7). Suppose 12 = -3*g, x*g - 72 = -3*h - g. What is the units digit of h?
8
Let i(c) = -c**3 - 3*c**2 - c - 4. Let s be i(-6). Let b = s + -61. Suppose 3*q + 4 = b. What is the units digit of q?
5
Let x